{"id":3,"date":"2024-07-04T13:12:30","date_gmt":"2024-07-04T13:12:30","guid":{"rendered":"https:\/\/urejenta.pl\/?page_id=3"},"modified":"2024-07-24T11:51:56","modified_gmt":"2024-07-24T11:51:56","slug":"privacy-policy","status":"publish","type":"page","link":"https:\/\/urejenta.pl\/?page_id=3","title":{"rendered":"Polityka Prywatno\u015bci"},"content":{"rendered":"\n<h2 class=\"wp-block-heading has-large-font-size\">Szanowni Pa\u0144stwo,<\/h2>\n\n\n\n<p class=\"has-medium-font-size\">W zwi\u0105zku z wej\u015bciem w \u017cycie Rozporz\u0105dzenia Parlamentu Europejskiego i Rady (UE) 2016\/679 z dnia 27 kwietnia 2016 r. w sprawie ochrony os\u00f3b fizycznych w zwi\u0105zku z przetwarzaniem danych osobowych i w sprawie swobodnego przep\u0142ywu takich danych oraz uchylenia dyrektywy 95\/46\/WE (og\u00f3lne rozporz\u0105dzenie o ochronie danych) (dalej: \u201eRODO\u201d), chcieliby\u015bmy poinformowa\u0107 Pa\u0144stwa o szczeg\u00f3\u0142ach dotycz\u0105cych nowych zasad przetwarzania Pa\u0144stwa danych.<\/p>\n\n\n\n<h2 class=\"wp-block-heading has-large-font-size\">Tadeusz Celewicz<\/h2>\n\n\n\n<p class=\"has-medium-font-size\">Notariusz w Wieliczce, prowadz\u0105cy kancelari\u0119 notarialn\u0105 przy ulicy Batorego 9\/2  (dalej r\u00f3wnie\u017c: \u201eNotariusz\u201d), otrzyma\u0142 od Pa\u0144stwa informacje stanowi\u0105ce dane osobowe. Notariusz b\u0119dzie korzysta\u0142 z nich wy\u0142\u0105cznie do cel\u00f3w zwi\u0105zanych z realizacj\u0105 czynno\u015bci notarialnych podejmowanych na Pa\u0144stwa \u017cyczenie. Notariusz b\u0119dzie ich r\u00f3wnie\u017c u\u017cywa\u0142 w zwi\u0105zku z wykonywaniem obowi\u0105zk\u00f3w wynikaj\u0105cych z odr\u0119bnych przepis\u00f3w zwi\u0105zanych z tymi czynno\u015bciami (np. pobranie op\u0142at s\u0105dowych i podatku).<\/p>\n\n\n\n<h2 class=\"wp-block-heading has-large-font-size\">Pa\u0144stwa dane<\/h2>\n\n\n\n<p class=\"has-medium-font-size\">przetwarzane przez Notariusza obejmuj\u0105: imiona i nazwisko, imiona rodzic\u00f3w, PESEL, stan cywilny, adres oraz w zakresie niezb\u0119dnym do przygotowania i dokonywania czynno\u015bci notarialnych: NIP, adres e-mail, numer telefonu, dane dotycz\u0105ce dokumentu to\u017csamo\u015bci lub dane w nich zawarte. Podanie danych jest dobrowolne, ale niezb\u0119dne w celu lub w zwi\u0105zku z przygotowaniem i dokonywaniem czynno\u015bci notarialnych przez Notariusza.<\/p>\n\n\n\n<h2 class=\"wp-block-heading has-large-font-size\">Informacje<\/h2>\n\n\n\n<p class=\"has-medium-font-size\">stanowi\u0105ce Pa\u0144stwa dane osobowe s\u0105 wykorzystywane przez Notariusza w zwi\u0105zku z istniej\u0105cymi wymogami ustawowymi. Oznacza to, \u017ce maj\u0105 Pa\u0144stwo obowi\u0105zek podania danych osobowych niezb\u0119dnych do prawid\u0142owego (zgodnego z prawem) wykonania czynno\u015bci notarialnych. Odmowa przekazania tych informacji Notariuszowi uniemo\u017cliwia dokonanie czynno\u015bci notarialnych.<\/p>\n\n\n\n<h2 class=\"wp-block-heading has-large-font-size\">Dzia\u0142ania Notariusza<\/h2>\n\n\n\n<p class=\"has-medium-font-size\">podejmowane s\u0105 na podstawie przepis\u00f3w prawa nak\u0142adaj\u0105cych na niego obowi\u0105zki zwi\u0105zane z wykonywan\u0105 funkcj\u0105 i zadaniami [spe\u0142nia to wymogi art. 6 ust. 1 lit. b) i e) oraz art. 9 ust. 2 lit. g), f) oraz j) RODO].<\/p>\n\n\n\n<p class=\"has-medium-font-size\">Szczeg\u00f3\u0142owy zakres obowi\u0105zk\u00f3w Notariusza definiuj\u0105 przepisy prawa powszechnie obowi\u0105zuj\u0105cego, a zw\u0142aszcza ustawa \u2013 Prawo o notariacie.<\/p>\n\n\n\n<p><\/p>\n","protected":false},"excerpt":{"rendered":"<p>Szanowni Pa\u0144stwo, W zwi\u0105zku z wej\u015bciem w \u017cycie Rozporz\u0105dzenia Parlamentu Europejskiego i Rady (UE) 2016\/679 z dnia 27 kwietnia 2016 r. w sprawie ochrony os\u00f3b fizycznych w zwi\u0105zku z przetwarzaniem danych osobowych i w sprawie swobodnego przep\u0142ywu takich danych oraz uchylenia dyrektywy 95\/46\/WE (og\u00f3lne rozporz\u0105dzenie o ochronie danych) (dalej: \u201eRODO\u201d), chcieliby\u015bmy poinformowa\u0107 Pa\u0144stwa o szczeg\u00f3\u0142ach [&hellip;]<\/p>\n","protected":false},"author":1,"featured_media":0,"parent":0,"menu_order":0,"comment_status":"closed","ping_status":"open","template":"","meta":{"footnotes":""},"class_list":["post-3","page","type-page","status-publish","hentry"],"_links":{"self":[{"href":"https:\/\/urejenta.pl\/index.php?rest_route=\/wp\/v2\/pages\/3"}],"collection":[{"href":"https:\/\/urejenta.pl\/index.php?rest_route=\/wp\/v2\/pages"}],"about":[{"href":"https:\/\/urejenta.pl\/index.php?rest_route=\/wp\/v2\/types\/page"}],"author":[{"embeddable":true,"href":"https:\/\/urejenta.pl\/index.php?rest_route=\/wp\/v2\/users\/1"}],"replies":[{"embeddable":true,"href":"https:\/\/urejenta.pl\/index.php?rest_route=%2Fwp%2Fv2%2Fcomments&post=3"}],"version-history":[{"count":4,"href":"https:\/\/urejenta.pl\/index.php?rest_route=\/wp\/v2\/pages\/3\/revisions"}],"predecessor-version":[{"id":76,"href":"https:\/\/urejenta.pl\/index.php?rest_route=\/wp\/v2\/pages\/3\/revisions\/76"}],"wp:attachment":[{"href":"https:\/\/urejenta.pl\/index.php?rest_route=%2Fwp%2Fv2%2Fmedia&parent=3"}],"curies":[{"name":"wp","href":"https:\/\/api.w.org\/{rel}","templated":true}]}}